{"id":18231,"date":"2024-09-12T10:33:30","date_gmt":"2024-09-12T07:33:30","guid":{"rendered":"https:\/\/woodvive.com\/?post_type=product&#038;p=18231"},"modified":"2026-04-17T14:06:07","modified_gmt":"2026-04-17T11:06:07","slug":"30x30-cm-tuval-cercevesi","status":"publish","type":"product","link":"https:\/\/woodvive.com\/index.php\/product\/30x30-cm-tuval-cercevesi\/","title":{"rendered":"Kanvas \/ Tuval Tablo \u00c7er\u00e7evesi &#8211; Do\u011fal Ah\u015fap"},"content":{"rendered":"\n<p>Dekoratif ah\u015fap \u00e7er\u00e7eve ile projelerinizi sunun. Tuval \u00fczerindeki eserlerinizi bu \u00e7er\u00e7eve ile sergileyebilirsiniz.<\/p>\n\n\n\n<p class=\"has-text-align-center has-vivid-red-color has-text-color has-link-color wp-elements-4f640a4680e4bf12c8c1870ab046d46d\"><strong><a href=\"https:\/\/drive.google.com\/drive\/folders\/1uANPUQEaaGwqLRuFiDNjrCi7caTeilKp?usp=drive_link\">Detayl\u0131 \u00fcretim g\u00f6rselleri i\u00e7in buraya t\u0131klayarak foto\u011fraf ar\u015fivine ula\u015fabilirsiniz.<\/a><\/strong><\/p>\n\n\n\n<p>\u00dcr\u00fcn \u00d6zellikleri:<\/p>\n\n\n\n<ul class=\"wp-block-list\">\n<li>1.s\u0131n\u0131f kay\u0131n a\u011fac\u0131ndan \u00fcretilmi\u015ftir.<\/li>\n\n\n\n<li>\u00c7er\u00e7eve \u00e7\u0131tas\u0131n\u0131 sa\u011flamla\u015ft\u0131rmak i\u00e7in k\u00f6\u015feler tutkall\u0131 ve z\u0131mbalanm\u0131\u015ft\u0131r<\/li>\n\n\n\n<li>\u00c7er\u00e7eve \u00e7\u0131tas\u0131 L profil formunda olu\u015fmaktad\u0131r. Kanall\u0131 yap\u0131dad\u0131r.<\/li>\n\n\n\n<li>\u00c7er\u00e7eve arkas\u0131nda ayarlanabilir \u00e7elik tel ask\u0131 aparat\u0131 mevcuttur. <\/li>\n\n\n\n<li>\u00c7er\u00e7eve \u00f6n\u00fcnde cam-pleksi BULUNMAMAKTADIR.<\/li>\n\n\n\n<li>\u00c7er\u00e7eve arkas\u0131nda tutucu panel BULUNMAMAKTADIR.<\/li>\n\n\n\n<li>Resim ve Foto\u011fraflar i\u00e7in uygun de\u011fildir. Yaln\u0131z g\u00f6mme sanat eserleri ya da tablolar i\u00e7indir.<\/li>\n\n\n\n<li>Farkl\u0131 renk se\u00e7eneklerinde ah\u015fap \u00fczerinde do\u011fal doku ve ton farkl\u0131l\u0131\u011f\u0131ndan dolay\u0131 farkl\u0131 g\u00f6r\u00fcnebilir.<\/li>\n<\/ul>\n\n\n\n<p><strong>Not: \u00d6zel \u00f6l\u00e7\u00fc \u00e7er\u00e7eve sipari\u015flerinizde iade kabul edilmemektedir.<\/strong><\/p>\n\n\n\n<p><strong>\u00dcretim s\u00fcresi : 3-5 i\u015f g\u00fcn\u00fcd\u00fcr.<\/strong><\/p>\n\n\n\n<h3 class=\"wp-block-heading has-text-align-center\" style=\"margin-top:0;margin-bottom:0\"><strong>Teknik \u00d6zellikler<\/strong><\/h3>\n\n\n\n<hr class=\"wp-block-separator has-alpha-channel-opacity\"\/>\n\n\n\n<div style=\"overflow-x:auto;-webkit-overflow-scrolling:touch;width:100%;max-width:100%;\">\n  <table style=\"min-width:900px;width:auto;border:0;border-collapse:collapse;\">\n    <tbody>\n      <tr>\n        <td style=\"text-align:center;padding:10px;\"><strong>Profil \u00d6zellikleri<\/strong><\/td>\n        <td style=\"text-align:center;padding:10px;\"><strong>Eser \u00f6l\u00e7\u00fcs\u00fc<\/strong><\/td>\n        <td style=\"text-align:center;padding:10px;\"><strong>\u00d6l\u00e7\u00fc Se\u00e7enekleri<\/strong><\/td>\n        <td style=\"text-align:center;padding:10px;\"><strong>Kullan\u0131m Alanlar\u0131<\/strong><\/td>\n        <td style=\"text-align:center;padding:10px;\"><strong>Ah\u015fap<\/strong><\/td>\n      <\/tr>\n\n      <tr>\n        <td style=\"text-align:center;padding:10px;vertical-align:top;\">\n          <strong>30 mm \u00d7 40 mm<\/strong> kesit.<br><br>\n          <strong>El i\u015f\u00e7ili\u011fiyle \u00fcretim.<\/strong><br><br>\n          D\u00f6nme ve esnemeye kar\u015f\u0131 dayan\u0131kl\u0131 yap\u0131.<br>\n        <\/td>\n\n        <td style=\"text-align:center;padding:10px;vertical-align:top;\">\n          Kanvas tuvalinizin kal\u0131nl\u0131\u011f\u0131n\u0131 eser \u00f6l\u00e7\u00fcs\u00fc se\u00e7ene\u011fiyle se\u00e7iniz.<br><br>\n          En-Boy \u00f6l\u00e7\u00fclerini se\u00e7erek sipari\u015fi olu\u015fturabilirsiniz.\n        <\/td>\n\n        <td style=\"text-align:center;padding:10px;vertical-align:top;\">\n          <strong>10 cm \u2013 100 cm aras\u0131<\/strong> geni\u015f \u00f6l\u00e7\u00fc aral\u0131\u011f\u0131.<br><br>\n          \u00d6l\u00e7\u00fcler \u00fcr\u00fcn sayfas\u0131ndan se\u00e7ilebilir.\n        <\/td>\n\n        <td style=\"text-align:center;padding:10px;vertical-align:top;\">\n          Dekoratif duvar panolar\u0131<br><br>\n          Ev &amp; ofis dekorasyonu<br><br>\n          Kafe, galeri ve vitrin uygulamalar\u0131\n        <\/td>\n\n        <td style=\"text-align:center;padding:10px;vertical-align:top;\">\n          1.s\u0131n\u0131f f\u0131r\u0131n kurusu kay\u0131n a\u011fac\u0131ndan el i\u015f\u00e7iliyle \u00fcretilmektedir.<br><br>\n          Do\u011fal ya\u011flar ile renklendirme yap\u0131lmaktad\u0131r.<br>\n        <\/td>\n      <\/tr>\n    <\/tbody>\n  <\/table>\n<\/div>\n\n<div style=\"overflow-x:auto;-webkit-overflow-scrolling:touch;width:100%;max-width:100%;\">\n  <table style=\"min-width:900px;width:auto;border:0;border-collapse:collapse;\">\n    <!-- TABLO AYNI -->\n  <\/table>\n<\/div>\n\n<div style=\"width:100%;overflow-x:auto;\">\n  <div style=\"width:900px;height:6px;background:#ccc;border-radius:3px;\"><\/div>\n<\/div>\n\n<div style=\"font-size:12px;text-align:center;margin-bottom:5px;\">\n\ud83d\udc49 Sa\u011fa kayd\u0131r\u0131n\n<\/div>\n\n\n\n<hr class=\"wp-block-separator has-alpha-channel-opacity\"\/>\n\n\n\n<h3 class=\"wp-block-heading has-text-align-center\"><strong>\u00d6l\u00e7\u00fc Tablosu<\/strong><\/h3>\n\n\n\n<figure class=\"wp-block-table is-style-stripes\"><table class=\"has-fixed-layout\"><thead><tr><th>Tuval \u00d6l\u00e7\u00fcs\u00fc<\/th><th>\u00c7er\u00e7eve D\u0131\u015f \u00d6l\u00e7\u00fcs\u00fc<\/th><th>\u00c7er\u00e7eve \u0130\u00e7 \u00d6l\u00e7\u00fcs\u00fc<\/th><th>\u00c7er\u00e7eve Y\u00fcksekli\u011fi<\/th><\/tr><\/thead><tbody><tr><td>10\u00d710 cm<\/td><td>135\u00d7135 mm<\/td><td>110\u00d7110 mm<\/td><td>40 mm<\/td><\/tr><tr><td>15\u00d715 cm<\/td><td>185\u00d7185 mm<\/td><td>160\u00d7160 mm<\/td><td>40 mm<\/td><\/tr><tr><td>15\u00d730 cm<\/td><td>185\u00d7335 mm<\/td><td>160\u00d7310 mm<\/td><td>40 mm<\/td><\/tr><tr><td>20\u00d720 cm<\/td><td>235\u00d7235 mm<\/td><td>210\u00d7210 mm<\/td><td>40 mm<\/td><\/tr><tr><td>20\u00d730 cm<\/td><td>235\u00d7335 mm<\/td><td>210\u00d7310 mm<\/td><td>40 mm<\/td><\/tr><tr><td>20\u00d740 cm<\/td><td>235\u00d7435 mm<\/td><td>210\u00d7410 mm<\/td><td>40 mm<\/td><\/tr><tr><td>25\u00d725 cm<\/td><td>285\u00d7285 mm<\/td><td>260\u00d7260 mm<\/td><td>40 mm<\/td><\/tr><tr><td>25\u00d750 cm<\/td><td>285\u00d7535 mm<\/td><td>260\u00d7510 mm<\/td><td>40 mm<\/td><\/tr><tr><td>30\u00d730 cm<\/td><td>335\u00d7335 mm<\/td><td>310\u00d7310 mm<\/td><td>40 mm<\/td><\/tr><tr><td>30\u00d740 cm<\/td><td>335\u00d7435 mm<\/td><td>310\u00d7410 mm<\/td><td>40 mm<\/td><\/tr><tr><td>30\u00d750 cm<\/td><td>335\u00d7535 mm<\/td><td>310\u00d7510 mm<\/td><td>40 mm<\/td><\/tr><tr><td>30\u00d760 cm<\/td><td>335\u00d7635 mm<\/td><td>310\u00d7610 mm<\/td><td>40 mm<\/td><\/tr><tr><td>40\u00d740 cm<\/td><td>435\u00d7435 mm<\/td><td>410\u00d7410 mm<\/td><td>40 mm<\/td><\/tr><tr><td>40\u00d750 cm<\/td><td>435\u00d7535 mm<\/td><td>410\u00d7510 mm<\/td><td>40 mm<\/td><\/tr><tr><td>40\u00d760 cm<\/td><td>435\u00d7635 mm<\/td><td>410\u00d7610 mm<\/td><td>40 mm<\/td><\/tr><tr><td>50\u00d750 cm<\/td><td>535\u00d7535 mm<\/td><td>510\u00d7510 mm<\/td><td>40 mm<\/td><\/tr><tr><td>50\u00d760 cm<\/td><td>535\u00d7635 mm<\/td><td>510\u00d7610 mm<\/td><td>40 mm<\/td><\/tr><tr><td>50\u00d770 cm<\/td><td>535\u00d7735 mm<\/td><td>510\u00d7710 mm<\/td><td>40 mm<\/td><\/tr><tr><td>50\u00d780 cm<\/td><td>535\u00d7835 mm<\/td><td>510\u00d7810 mm<\/td><td>40 mm<\/td><\/tr><tr><td>50\u00d790 cm<\/td><td>535\u00d7935 mm<\/td><td>510\u00d7910 mm<\/td><td>40 mm<\/td><\/tr><tr><td>50\u00d7100 cm<\/td><td>535\u00d71035 mm<\/td><td>510\u00d71010 mm<\/td><td>40 mm<\/td><\/tr><tr><td>60\u00d760 cm<\/td><td>635\u00d7635 mm<\/td><td>610\u00d7610 mm<\/td><td>40 mm<\/td><\/tr><tr><td>60\u00d770 cm<\/td><td>635\u00d7735 mm<\/td><td>610\u00d7710 mm<\/td><td>40 mm<\/td><\/tr><tr><td>60\u00d780 cm<\/td><td>635\u00d7835 mm<\/td><td>610\u00d7810 mm<\/td><td>40 mm<\/td><\/tr><tr><td>60\u00d790 cm<\/td><td>635\u00d7935 mm<\/td><td>610\u00d7910 mm<\/td><td>40 mm<\/td><\/tr><tr><td>60\u00d7100 cm<\/td><td>635\u00d71035 mm<\/td><td>610\u00d71010 mm<\/td><td>40 mm<\/td><\/tr><tr><td>70\u00d770 cm<\/td><td>735\u00d7735 mm<\/td><td>710\u00d7710 mm<\/td><td>40 mm<\/td><\/tr><tr><td>70\u00d780 cm<\/td><td>735\u00d7835 mm<\/td><td>710\u00d7810 mm<\/td><td>40 mm<\/td><\/tr><tr><td>70\u00d790 cm<\/td><td>735\u00d7935 mm<\/td><td>710\u00d7910 mm<\/td><td>40 mm<\/td><\/tr><tr><td>70\u00d7100 cm<\/td><td>735\u00d71035 mm<\/td><td>710\u00d71010 mm<\/td><td>40 mm<\/td><\/tr><tr><td>80\u00d780 cm<\/td><td>835\u00d7835 mm<\/td><td>810\u00d7810 mm<\/td><td>40 mm<\/td><\/tr><tr><td>80\u00d790 cm<\/td><td>835\u00d7935 mm<\/td><td>810\u00d7910 mm<\/td><td>40 mm<\/td><\/tr><tr><td>80\u00d7100 cm<\/td><td>835\u00d71035 mm<\/td><td>810\u00d71010 mm<\/td><td>40 mm<\/td><\/tr><tr><td>90\u00d790 cm<\/td><td>935\u00d7935 mm<\/td><td>910\u00d7910 mm<\/td><td>40 mm<\/td><\/tr><tr><td>90\u00d7100 cm<\/td><td>935\u00d71035 mm<\/td><td>910\u00d71010 mm<\/td><td>40 mm<\/td><\/tr><tr><td>100\u00d7100 cm<\/td><td>1035\u00d71035 mm<\/td><td>1010\u00d71010 mm<\/td><td>40 mm<\/td><\/tr><\/tbody><\/table><\/figure>\n","protected":false},"excerpt":{"rendered":"<p>L\u00fctfen \u00fcretim s\u00fcresi ve \u00fcr\u00fcn \u00f6zellikleri i\u00e7in a\u00e7\u0131klama k\u0131sm\u0131n\u0131 okuyunuz.<\/p>\n<p><strong>\u00dcretim s\u00fcresi : 3-5 i\u015f g\u00fcn\u00fcd\u00fcr.<\/strong><\/p>\n<p><strong>\u00d6zel \u00f6l\u00e7\u00fc \u00e7er\u00e7eve sipari\u015flerinizde iade kabul edilmemektedir.<\/strong><\/p>\n","protected":false},"featured_media":19945,"comment_status":"open","ping_status":"closed","template":"","meta":[],"product_brand":[227],"product_cat":[329,173],"product_tag":[175,451,450],"class_list":{"0":"post-18231","1":"product","2":"type-product","3":"status-publish","4":"has-post-thumbnail","6":"product_brand-woodvive","7":"product_cat-standart-cerceveler","8":"product_cat-cerceve","9":"product_tag-cerceve","10":"product_tag-kanvas-cercevesi","11":"product_tag-ozel-olcu","13":"first","14":"instock","15":"taxable","16":"shipping-taxable","17":"purchasable","18":"product-type-variable"},"yoast_head":"<!-- This site is optimized with the Yoast SEO plugin v27.4 - https:\/\/yoast.com\/product\/yoast-seo-wordpress\/ -->\n<title>Kanvas \/ Tuval Tablo \u00c7er\u00e7evesi - Do\u011fal Ah\u015fap - Woodvive<\/title>\n<meta name=\"robots\" content=\"index, follow, max-snippet:-1, max-image-preview:large, max-video-preview:-1\" \/>\n<link rel=\"canonical\" href=\"https:\/\/woodvive.com\/index.php\/product\/30x30-cm-tuval-cercevesi\/\" \/>\n<meta property=\"og:locale\" content=\"tr_TR\" \/>\n<meta property=\"og:type\" content=\"article\" \/>\n<meta property=\"og:title\" content=\"Kanvas \/ Tuval Tablo \u00c7er\u00e7evesi - Do\u011fal Ah\u015fap - Woodvive\" \/>\n<meta property=\"og:description\" content=\"L\u00fctfen \u00fcretim s\u00fcresi ve \u00fcr\u00fcn \u00f6zellikleri i\u00e7in a\u00e7\u0131klama k\u0131sm\u0131n\u0131 okuyunuz. \u00dcretim s\u00fcresi : 3-5 i\u015f g\u00fcn\u00fcd\u00fcr. \u00d6zel \u00f6l\u00e7\u00fc \u00e7er\u00e7eve sipari\u015flerinizde iade kabul edilmemektedir.\" \/>\n<meta property=\"og:url\" content=\"https:\/\/woodvive.com\/index.php\/product\/30x30-cm-tuval-cercevesi\/\" \/>\n<meta property=\"og:site_name\" content=\"Woodvive\" \/>\n<meta property=\"article:publisher\" content=\"https:\/\/www.facebook.com\/woodvivedecor\/\" \/>\n<meta property=\"article:modified_time\" content=\"2026-04-17T11:06:07+00:00\" \/>\n<meta property=\"og:image\" content=\"https:\/\/woodvive.com\/wp-content\/uploads\/2024\/09\/IMG_9859-rotated.jpg\" \/>\n\t<meta property=\"og:image:width\" content=\"2337\" \/>\n\t<meta property=\"og:image:height\" content=\"2337\" \/>\n\t<meta property=\"og:image:type\" content=\"image\/jpeg\" \/>\n<script type=\"application\/ld+json\" class=\"yoast-schema-graph\">{\"@context\":\"https:\\\/\\\/schema.org\",\"@graph\":[{\"@type\":\"WebPage\",\"@id\":\"https:\\\/\\\/woodvive.com\\\/index.php\\\/product\\\/30x30-cm-tuval-cercevesi\\\/\",\"url\":\"https:\\\/\\\/woodvive.com\\\/index.php\\\/product\\\/30x30-cm-tuval-cercevesi\\\/\",\"name\":\"Kanvas \\\/ Tuval Tablo \u00c7er\u00e7evesi - Do\u011fal Ah\u015fap - Woodvive\",\"isPartOf\":{\"@id\":\"https:\\\/\\\/woodvive.com\\\/#website\"},\"primaryImageOfPage\":{\"@id\":\"https:\\\/\\\/woodvive.com\\\/index.php\\\/product\\\/30x30-cm-tuval-cercevesi\\\/#primaryimage\"},\"image\":{\"@id\":\"https:\\\/\\\/woodvive.com\\\/index.php\\\/product\\\/30x30-cm-tuval-cercevesi\\\/#primaryimage\"},\"thumbnailUrl\":\"https:\\\/\\\/woodvive.com\\\/wp-content\\\/uploads\\\/2024\\\/09\\\/IMG_9859-rotated.jpg\",\"datePublished\":\"2024-09-12T07:33:30+00:00\",\"dateModified\":\"2026-04-17T11:06:07+00:00\",\"breadcrumb\":{\"@id\":\"https:\\\/\\\/woodvive.com\\\/index.php\\\/product\\\/30x30-cm-tuval-cercevesi\\\/#breadcrumb\"},\"inLanguage\":\"tr\",\"potentialAction\":[{\"@type\":\"ReadAction\",\"target\":[\"https:\\\/\\\/woodvive.com\\\/index.php\\\/product\\\/30x30-cm-tuval-cercevesi\\\/\"]}]},{\"@type\":\"ImageObject\",\"inLanguage\":\"tr\",\"@id\":\"https:\\\/\\\/woodvive.com\\\/index.php\\\/product\\\/30x30-cm-tuval-cercevesi\\\/#primaryimage\",\"url\":\"https:\\\/\\\/woodvive.com\\\/wp-content\\\/uploads\\\/2024\\\/09\\\/IMG_9859-rotated.jpg\",\"contentUrl\":\"https:\\\/\\\/woodvive.com\\\/wp-content\\\/uploads\\\/2024\\\/09\\\/IMG_9859-rotated.jpg\",\"width\":2337,\"height\":2337,\"caption\":\"kanvas \u00e7er\u00e7eve\"},{\"@type\":\"BreadcrumbList\",\"@id\":\"https:\\\/\\\/woodvive.com\\\/index.php\\\/product\\\/30x30-cm-tuval-cercevesi\\\/#breadcrumb\",\"itemListElement\":[{\"@type\":\"ListItem\",\"position\":1,\"name\":\"\u00dcr\u00fcnler\",\"item\":\"https:\\\/\\\/woodvive.com\\\/index.php\\\/shop\\\/\"},{\"@type\":\"ListItem\",\"position\":2,\"name\":\"Tuval \\\/ Kanvas \u00c7er\u00e7eveleri\",\"item\":\"https:\\\/\\\/woodvive.com\\\/index.php\\\/product-category\\\/cerceve\\\/\"},{\"@type\":\"ListItem\",\"position\":3,\"name\":\"Standart \u00c7er\u00e7eveler\",\"item\":\"https:\\\/\\\/woodvive.com\\\/index.php\\\/product-category\\\/cerceve\\\/standart-cerceveler\\\/\"},{\"@type\":\"ListItem\",\"position\":4,\"name\":\"Kanvas \\\/ Tuval Tablo \u00c7er\u00e7evesi &#8211; Do\u011fal Ah\u015fap\"}]},{\"@type\":\"WebSite\",\"@id\":\"https:\\\/\\\/woodvive.com\\\/#website\",\"url\":\"https:\\\/\\\/woodvive.com\\\/\",\"name\":\"Woodvive Ah\u015fap At\u00f6lyesi\",\"description\":\"Sanat i\u00e7in do\u011fal tasar\u0131m\",\"publisher\":{\"@id\":\"https:\\\/\\\/woodvive.com\\\/#organization\"},\"alternateName\":\"Woodvive\",\"potentialAction\":[{\"@type\":\"SearchAction\",\"target\":{\"@type\":\"EntryPoint\",\"urlTemplate\":\"https:\\\/\\\/woodvive.com\\\/?s={search_term_string}\"},\"query-input\":{\"@type\":\"PropertyValueSpecification\",\"valueRequired\":true,\"valueName\":\"search_term_string\"}}],\"inLanguage\":\"tr\"},{\"@type\":\"Organization\",\"@id\":\"https:\\\/\\\/woodvive.com\\\/#organization\",\"name\":\"Woodvive Ah\u015fap At\u00f6lyesi\",\"alternateName\":\"Woodvive\",\"url\":\"https:\\\/\\\/woodvive.com\\\/\",\"logo\":{\"@type\":\"ImageObject\",\"inLanguage\":\"tr\",\"@id\":\"https:\\\/\\\/woodvive.com\\\/#\\\/schema\\\/logo\\\/image\\\/\",\"url\":\"https:\\\/\\\/woodvive.com\\\/wp-content\\\/uploads\\\/2026\\\/01\\\/cropped-logopng-e1768079678709.png\",\"contentUrl\":\"https:\\\/\\\/woodvive.com\\\/wp-content\\\/uploads\\\/2026\\\/01\\\/cropped-logopng-e1768079678709.png\",\"width\":1275,\"height\":597,\"caption\":\"Woodvive Ah\u015fap At\u00f6lyesi\"},\"image\":{\"@id\":\"https:\\\/\\\/woodvive.com\\\/#\\\/schema\\\/logo\\\/image\\\/\"},\"sameAs\":[\"https:\\\/\\\/www.facebook.com\\\/woodvivedecor\\\/\",\"http:\\\/\\\/instagram.com\\\/woodvivecom\",\"http:\\\/\\\/youtube.com\\\/@woodvive\",\"https:\\\/\\\/tr.pinterest.com\\\/woodvive\\\/\"]}]}<\/script>\n<!-- \/ Yoast SEO plugin. -->","yoast_head_json":{"title":"Kanvas \/ Tuval Tablo \u00c7er\u00e7evesi - Do\u011fal Ah\u015fap - Woodvive","robots":{"index":"index","follow":"follow","max-snippet":"max-snippet:-1","max-image-preview":"max-image-preview:large","max-video-preview":"max-video-preview:-1"},"canonical":"https:\/\/woodvive.com\/index.php\/product\/30x30-cm-tuval-cercevesi\/","og_locale":"tr_TR","og_type":"article","og_title":"Kanvas \/ Tuval Tablo \u00c7er\u00e7evesi - Do\u011fal Ah\u015fap - Woodvive","og_description":"L\u00fctfen \u00fcretim s\u00fcresi ve \u00fcr\u00fcn \u00f6zellikleri i\u00e7in a\u00e7\u0131klama k\u0131sm\u0131n\u0131 okuyunuz. \u00dcretim s\u00fcresi : 3-5 i\u015f g\u00fcn\u00fcd\u00fcr. \u00d6zel \u00f6l\u00e7\u00fc \u00e7er\u00e7eve sipari\u015flerinizde iade kabul edilmemektedir.","og_url":"https:\/\/woodvive.com\/index.php\/product\/30x30-cm-tuval-cercevesi\/","og_site_name":"Woodvive","article_publisher":"https:\/\/www.facebook.com\/woodvivedecor\/","article_modified_time":"2026-04-17T11:06:07+00:00","og_image":[{"width":2337,"height":2337,"url":"https:\/\/woodvive.com\/wp-content\/uploads\/2024\/09\/IMG_9859-rotated.jpg","type":"image\/jpeg"}],"schema":{"@context":"https:\/\/schema.org","@graph":[{"@type":"WebPage","@id":"https:\/\/woodvive.com\/index.php\/product\/30x30-cm-tuval-cercevesi\/","url":"https:\/\/woodvive.com\/index.php\/product\/30x30-cm-tuval-cercevesi\/","name":"Kanvas \/ Tuval Tablo \u00c7er\u00e7evesi - Do\u011fal Ah\u015fap - Woodvive","isPartOf":{"@id":"https:\/\/woodvive.com\/#website"},"primaryImageOfPage":{"@id":"https:\/\/woodvive.com\/index.php\/product\/30x30-cm-tuval-cercevesi\/#primaryimage"},"image":{"@id":"https:\/\/woodvive.com\/index.php\/product\/30x30-cm-tuval-cercevesi\/#primaryimage"},"thumbnailUrl":"https:\/\/woodvive.com\/wp-content\/uploads\/2024\/09\/IMG_9859-rotated.jpg","datePublished":"2024-09-12T07:33:30+00:00","dateModified":"2026-04-17T11:06:07+00:00","breadcrumb":{"@id":"https:\/\/woodvive.com\/index.php\/product\/30x30-cm-tuval-cercevesi\/#breadcrumb"},"inLanguage":"tr","potentialAction":[{"@type":"ReadAction","target":["https:\/\/woodvive.com\/index.php\/product\/30x30-cm-tuval-cercevesi\/"]}]},{"@type":"ImageObject","inLanguage":"tr","@id":"https:\/\/woodvive.com\/index.php\/product\/30x30-cm-tuval-cercevesi\/#primaryimage","url":"https:\/\/woodvive.com\/wp-content\/uploads\/2024\/09\/IMG_9859-rotated.jpg","contentUrl":"https:\/\/woodvive.com\/wp-content\/uploads\/2024\/09\/IMG_9859-rotated.jpg","width":2337,"height":2337,"caption":"kanvas \u00e7er\u00e7eve"},{"@type":"BreadcrumbList","@id":"https:\/\/woodvive.com\/index.php\/product\/30x30-cm-tuval-cercevesi\/#breadcrumb","itemListElement":[{"@type":"ListItem","position":1,"name":"\u00dcr\u00fcnler","item":"https:\/\/woodvive.com\/index.php\/shop\/"},{"@type":"ListItem","position":2,"name":"Tuval \/ Kanvas \u00c7er\u00e7eveleri","item":"https:\/\/woodvive.com\/index.php\/product-category\/cerceve\/"},{"@type":"ListItem","position":3,"name":"Standart \u00c7er\u00e7eveler","item":"https:\/\/woodvive.com\/index.php\/product-category\/cerceve\/standart-cerceveler\/"},{"@type":"ListItem","position":4,"name":"Kanvas \/ Tuval Tablo \u00c7er\u00e7evesi &#8211; Do\u011fal Ah\u015fap"}]},{"@type":"WebSite","@id":"https:\/\/woodvive.com\/#website","url":"https:\/\/woodvive.com\/","name":"Woodvive Ah\u015fap At\u00f6lyesi","description":"Sanat i\u00e7in do\u011fal tasar\u0131m","publisher":{"@id":"https:\/\/woodvive.com\/#organization"},"alternateName":"Woodvive","potentialAction":[{"@type":"SearchAction","target":{"@type":"EntryPoint","urlTemplate":"https:\/\/woodvive.com\/?s={search_term_string}"},"query-input":{"@type":"PropertyValueSpecification","valueRequired":true,"valueName":"search_term_string"}}],"inLanguage":"tr"},{"@type":"Organization","@id":"https:\/\/woodvive.com\/#organization","name":"Woodvive Ah\u015fap At\u00f6lyesi","alternateName":"Woodvive","url":"https:\/\/woodvive.com\/","logo":{"@type":"ImageObject","inLanguage":"tr","@id":"https:\/\/woodvive.com\/#\/schema\/logo\/image\/","url":"https:\/\/woodvive.com\/wp-content\/uploads\/2026\/01\/cropped-logopng-e1768079678709.png","contentUrl":"https:\/\/woodvive.com\/wp-content\/uploads\/2026\/01\/cropped-logopng-e1768079678709.png","width":1275,"height":597,"caption":"Woodvive Ah\u015fap At\u00f6lyesi"},"image":{"@id":"https:\/\/woodvive.com\/#\/schema\/logo\/image\/"},"sameAs":["https:\/\/www.facebook.com\/woodvivedecor\/","http:\/\/instagram.com\/woodvivecom","http:\/\/youtube.com\/@woodvive","https:\/\/tr.pinterest.com\/woodvive\/"]}]}},"_links":{"self":[{"href":"https:\/\/woodvive.com\/index.php\/wp-json\/wp\/v2\/product\/18231","targetHints":{"allow":["GET"]}}],"collection":[{"href":"https:\/\/woodvive.com\/index.php\/wp-json\/wp\/v2\/product"}],"about":[{"href":"https:\/\/woodvive.com\/index.php\/wp-json\/wp\/v2\/types\/product"}],"replies":[{"embeddable":true,"href":"https:\/\/woodvive.com\/index.php\/wp-json\/wp\/v2\/comments?post=18231"}],"wp:featuredmedia":[{"embeddable":true,"href":"https:\/\/woodvive.com\/index.php\/wp-json\/wp\/v2\/media\/19945"}],"wp:attachment":[{"href":"https:\/\/woodvive.com\/index.php\/wp-json\/wp\/v2\/media?parent=18231"}],"wp:term":[{"taxonomy":"product_brand","embeddable":true,"href":"https:\/\/woodvive.com\/index.php\/wp-json\/wp\/v2\/product_brand?post=18231"},{"taxonomy":"product_cat","embeddable":true,"href":"https:\/\/woodvive.com\/index.php\/wp-json\/wp\/v2\/product_cat?post=18231"},{"taxonomy":"product_tag","embeddable":true,"href":"https:\/\/woodvive.com\/index.php\/wp-json\/wp\/v2\/product_tag?post=18231"}],"curies":[{"name":"wp","href":"https:\/\/api.w.org\/{rel}","templated":true}]}}